{"id":11306,"date":"2023-08-11T18:21:18","date_gmt":"2023-08-11T23:21:18","guid":{"rendered":"https:\/\/www.itrc.gov.co\/Itrc\/?page_id=11306"},"modified":"2026-01-08T13:41:13","modified_gmt":"2026-01-08T18:41:13","slug":"informe-de-gestion-del-comite-de-conciliacion","status":"publish","type":"page","link":"https:\/\/www.itrc.gov.co\/Itrc\/participa\/informe-de-gestion-del-comite-de-conciliacion\/","title":{"rendered":"Informe de Gesti\u00f3n del Comit\u00e9 de Conciliaci\u00f3n"},"content":{"rendered":"\n<p>La Secretar\u00eda T\u00e9cnica del Comit\u00e9 de Conciliaci\u00f3n de la Agencia ITRC presenta el informe de gesti\u00f3n en cumplimiento a lo dispuesto en el art\u00edculo 127 de la Ley 2220 de 2022 (Estatuto de Conciliaci\u00f3n). El documento contiene las sesiones realizadas, los casos analizados y el reporte de temas varios.<\/p>\n\n\n\n<style>\n\/* Estilos para encapsular *\/\n.custom-tabs-wrapper {\n    font-family: Arial, sans-serif;\n    max-width: 100%; \/* Ajusta seg\u00fan sea necesario *\/\n    margin: 0 auto; \/* Centra el contenedor *\/\n    box-sizing: border-box; \/* Incluye padding y borde en el ancho\/alto *\/\n}\n\/* Contenedor de pesta\u00f1as *\/\n.custom-tabs-nav {\n    display: flex;\n    border-bottom: 2px solid #ccc;\n    margin-bottom: 15px;\n    box-sizing: border-box;\n}\n\/* Botones de pesta\u00f1as *\/\n.custom-tab-button {\n    padding: 10px 15px;\n    cursor: pointer;\n    border: 1px solid transparent;\n    border-bottom: none;\n    background-color: #f1f1f1;\n    margin-right: 5px;\n    border-top-left-radius: 5px;\n    border-top-right-radius: 5px;\n    transition: background-color 0.3s ease, color 0.3s ease;\n    box-sizing: border-box;\n    color: #333;\n    font-weight: bold;\n}\n.custom-tab-button:hover {\n    background-color: #ddd;\n}\n\/* Pesta\u00f1a activa *\/\n.custom-tab-button.active {\n    background-color: #b38b40; \/* Color activo *\/\n    color: #fff;\n    border-color: #b38b40;\n    border-bottom: 2px solid #b38b40; \/* Para que la l\u00ednea inferior se vea continua *\/\n    margin-bottom: -2px; \/* Superponer ligeramente la l\u00ednea inferior *\/\n}\n\/* Contenido de pesta\u00f1as *\/\n.custom-tab-content {\n    display: none;\n    padding: 20px;\n    border: 1px solid #ddd;\n    border-top: none;\n    background-color: #fff;\n    border-radius: 0 0 5px 5px;\n    box-sizing: border-box;\n}\n.custom-tab-content.active {\n    display: block;\n}\n<\/style>\n<div class=\"custom-tabs-wrapper\">\n    <div class=\"custom-tabs-nav\">\n        <button class=\"custom-tab-button active\" onclick=\"openTab(event, 'tab2025')\">2025<\/button>\n        <button class=\"custom-tab-button\" onclick=\"openTab(event, 'tab2024')\">2024<\/button>\n        <button class=\"custom-tab-button\" onclick=\"openTab(event, 'tab2023')\">2023<\/button>\n    <\/div>\n    <div id=\"tab2025\" class=\"custom-tab-content active\">\n<table>\n<tbody>\n<tr>\n<td bgcolor=\"#CACACA\"><span style=\"color: #000000;\"><strong>Informe de Gesti\u00f3n Comit\u00e9 de Conciliaci\u00f3n- Primer Semestre 2025<\/strong><\/span><\/td>\n<td><span style=\"color: #000000;\"><a style=\"color: #000000;\" href=\"https:\/\/www.itrc.gov.co\/Itrc\/wp-content\/uploads\/2025\/07\/Informe-de-Gestion-Comite-de-Conciliacion-Primer-Semestre-2025-.pdf\" rel=\"noopener\" target=\"_blank\"><img loading=\"lazy\" decoding=\"async\" class=\"aligncenter\" src=\"https:\/\/www.itrc.gov.co\/Itrc\/pestana\/descarga.png\" alt=\"\" width=\"183\" height=\"29\" align=\"absmiddle\"><\/a><\/span><\/td>\n<\/tr>......\n<tr>\n<td bgcolor=\"#B5B5B5\"><span style=\"color: #000000;\"><strong>Informe de Gesti\u00f3n Comit\u00e9 de Conciliaci\u00f3n- Segundo Semestre 2025<\/strong><\/span><\/td>\n<td><span style=\"color: #000000;\"><a style=\"color: #000000;\" href=\"https:\/\/www.itrc.gov.co\/Itrc\/wp-content\/uploads\/2026\/01\/Informe-de-Gestion-Comite-de-Conciliacion-Segundo-Semestre-2025.pdf\" rel=\"noopener\" target=\"_blank\"><img loading=\"lazy\" decoding=\"async\" class=\"aligncenter\" src=\"https:\/\/www.itrc.gov.co\/Itrc\/pestana\/descarga.png\" alt=\"\" width=\"183\" height=\"29\" align=\"absmiddle\"><\/a><\/span><\/td>\n<\/tr>\n<\/tbody>\n<\/table>\n    <\/div>\n    <div id=\"tab2024\" class=\"custom-tab-content\">\n<table>\n<tbody>\n<tr>\n<td bgcolor=\"#CACACA\"><span style=\"color: #000000;\"><strong>Informe de Gesti\u00f3n Comit\u00e9 de Conciliaci\u00f3n- Primer Semestre 2024<\/strong><\/span><\/td>\n<td><span style=\"color: #000000;\"><a style=\"color: #000000;\" href=\"https:\/\/www.itrc.gov.co\/Itrc\/wp-content\/uploads\/2024\/07\/Informe-de-Gestio%CC%81n-Comite%CC%81-de-Conciliacio%CC%81n-Primer-Semestre-2024.pdf\" rel=\"noopener\" target=\"_blank\"><img loading=\"lazy\" decoding=\"async\" class=\"aligncenter\" src=\"https:\/\/www.itrc.gov.co\/Itrc\/pestana\/descarga.png\" alt=\"\" width=\"183\" height=\"29\" align=\"absmiddle\"><\/a><\/span><\/td>\n<\/tr>\n<tr>\n<td bgcolor=\"#B5B5B5\"><span style=\"color: #000000;\"><strong>Informe de Gesti\u00f3n Comit\u00e9 de Conciliaci\u00f3n- Segundo Semestre 2024<\/strong><\/span><\/td>\n<td><span style=\"color: #000000;\"><a style=\"color: #000000;\" href=\"https:\/\/www.itrc.gov.co\/Itrc\/wp-content\/uploads\/2025\/01\/Informe-de-Gestion-Comite-de-Conciliacion-segundo-semestre-2024.pdf\" rel=\"noopener\" target=\"_blank\"><img loading=\"lazy\" decoding=\"async\" class=\"aligncenter\" src=\"https:\/\/www.itrc.gov.co\/Itrc\/pestana\/descarga.png\" alt=\"\" width=\"183\" height=\"29\" align=\"absmiddle\"><\/a><\/span><\/td>\n<\/tr>\n<\/tbody>\n<\/table>\n    <\/div>\n    <div id=\"tab2023\" class=\"custom-tab-content\">\n<table>\n<tbody>\n<tr>\n<td bgcolor=\"#CACACA\"><span style=\"color: #000000;\"><strong>Informe de Gesti\u00f3n Comit\u00e9 de Conciliaci\u00f3n- Primer Semestre 2023<\/strong><\/span><\/td>\n<td><span style=\"color: #000000;\"><a style=\"color: #000000;\" href=\"https:\/\/www.itrc.gov.co\/Itrc\/wp-content\/uploads\/2023\/08\/Informe-de-Gestio\u0301n-Comite\u0301-de-Conciliacio\u0301n-Primer-Semestre-2023.pdf\" rel=\"noopener\" target=\"_blank\"><img loading=\"lazy\" decoding=\"async\" class=\"aligncenter\" src=\"https:\/\/www.itrc.gov.co\/Itrc\/pestana\/descarga.png\" alt=\"\" width=\"183\" height=\"29\" align=\"absmiddle\"><\/a><\/span><\/td>\n<\/tr>\n<tr>\n<td bgcolor=\"#B5B5B5\"><span style=\"color: #000000;\"><strong>Informe de Gesti\u00f3n Comit\u00e9 de Conciliaci\u00f3n- Segundo Semestre 2023<\/strong><\/span><\/td>\n<td><span style=\"color: #000000;\"><a style=\"color: #000000;\" href=\"https:\/\/www.itrc.gov.co\/Itrc\/wp-content\/uploads\/2024\/01\/Informe-de-Gestio\u0301n-Comite\u0301-de-Conciliacio\u0301n-Segundo-Semestre-2023.pdf\" rel=\"noopener\" target=\"_blank\"><img loading=\"lazy\" decoding=\"async\" class=\"aligncenter\" src=\"https:\/\/www.itrc.gov.co\/Itrc\/pestana\/descarga.png\" alt=\"\" width=\"183\" height=\"29\" align=\"absmiddle\"><\/a><\/span><\/td>\n<\/tr>\n<\/tbody>\n<\/table>\n    <\/div>\n<\/div>\n<script>\nfunction openTab(evt, tabName) {\n    var i, tabContent, tabButtons;\n    \/\/ Ocultar todos los contenidos de pesta\u00f1as\n    tabContent = evt.currentTarget.closest('.custom-tabs-wrapper').querySelectorAll('.custom-tab-content');\n    for (i = 0; i < tabContent.length; i++) {\n        tabContent[i].classList.remove('active');\n    }\n    \/\/ Remover la clase 'active' de todos los botones\n    tabButtons = evt.currentTarget.closest('.custom-tabs-nav').querySelectorAll('.custom-tab-button');\n    for (i = 0; i < tabButtons.length; i++) {\n        tabButtons[i].classList.remove('active');\n    }\n    \/\/ Mostrar el contenido de la pesta\u00f1a actual y a\u00f1adir la clase 'active' al bot\u00f3n\n    document.getElementById(tabName).classList.add('active');\n    evt.currentTarget.classList.add('active');\n}\n<\/script>\n","protected":false},"excerpt":{"rendered":"<p>La Secretar\u00eda T\u00e9cnica del Comit\u00e9 de Conciliaci\u00f3n de la Agencia ITRC presenta el informe de gesti\u00f3n en cumplimiento a lo dispuesto en el art\u00edculo 127 de la Ley 2220 de 2022 (Estatuto de Conciliaci\u00f3n). El documento contiene las sesiones realizadas, los casos analizados y el reporte de temas varios. 2025 2024 2023 Informe de Gesti\u00f3n Comit\u00e9 de Conciliaci\u00f3n- Primer Semestre&nbsp;<a href=\"https:\/\/www.itrc.gov.co\/Itrc\/participa\/informe-de-gestion-del-comite-de-conciliacion\/\" class=\"read-more\">Seguir leyendo<\/a><\/p>\n","protected":false},"author":2,"featured_media":0,"parent":8297,"menu_order":0,"comment_status":"closed","ping_status":"closed","template":"page-fullwidth.php","meta":{"footnotes":""},"class_list":["post-11306","page","type-page","status-publish","hentry"],"_links":{"self":[{"href":"https:\/\/www.itrc.gov.co\/Itrc\/wp-json\/wp\/v2\/pages\/11306","targetHints":{"allow":["GET"]}}],"collection":[{"href":"https:\/\/www.itrc.gov.co\/Itrc\/wp-json\/wp\/v2\/pages"}],"about":[{"href":"https:\/\/www.itrc.gov.co\/Itrc\/wp-json\/wp\/v2\/types\/page"}],"author":[{"embeddable":true,"href":"https:\/\/www.itrc.gov.co\/Itrc\/wp-json\/wp\/v2\/users\/2"}],"replies":[{"embeddable":true,"href":"https:\/\/www.itrc.gov.co\/Itrc\/wp-json\/wp\/v2\/comments?post=11306"}],"version-history":[{"count":22,"href":"https:\/\/www.itrc.gov.co\/Itrc\/wp-json\/wp\/v2\/pages\/11306\/revisions"}],"predecessor-version":[{"id":15333,"href":"https:\/\/www.itrc.gov.co\/Itrc\/wp-json\/wp\/v2\/pages\/11306\/revisions\/15333"}],"up":[{"embeddable":true,"href":"https:\/\/www.itrc.gov.co\/Itrc\/wp-json\/wp\/v2\/pages\/8297"}],"wp:attachment":[{"href":"https:\/\/www.itrc.gov.co\/Itrc\/wp-json\/wp\/v2\/media?parent=11306"}],"curies":[{"name":"wp","href":"https:\/\/api.w.org\/{rel}","templated":true}]}}