{"id":5672,"date":"2020-06-30T17:27:13","date_gmt":"2020-06-30T22:27:13","guid":{"rendered":"https:\/\/www.itrc.gov.co\/Itrc\/?page_id=5672"},"modified":"2024-07-12T15:58:58","modified_gmt":"2024-07-12T20:58:58","slug":"tablas-de-retencion-documental","status":"publish","type":"page","link":"https:\/\/www.itrc.gov.co\/Itrc\/tablas-de-retencion-documental\/","title":{"rendered":"Tablas de Retenci\u00f3n Documental"},"content":{"rendered":"<ul>\n<li>\n<h3>Tablas de Retenci\u00f3n Documental Versi\u00f3n 1<\/h3>\n<ul>\n<li><a href=\"https:\/\/www.itrc.gov.co\/Itrc\/wp-content\/uploads\/2021\/05\/Tablas-de-Retencion-Documental.pdf\" target=\"_blank\" rel=\"noopener\"><strong><span style=\"color: #669dff; font-family: Century Gothic, sans-serif;\">Tablas de Retencion Documental (pdf)<\/span><\/strong><\/a><\/li>\n<li><a href=\"https:\/\/www.itrc.gov.co\/Itrc\/wp-content\/uploads\/2021\/01\/Cuadro-de-Clasificacion-Documental.pdf\" target=\"_blank\" rel=\"noopener\"><strong><span style=\"color: #669dff; font-family: Century Gothic, sans-serif;\">Cuadro de Clasificaci\u00f3n Documental<\/span><\/strong><\/a><\/li>\n<li><a href=\"https:\/\/www.itrc.gov.co\/Itrc\/wp-content\/uploads\/2021\/01\/Banco-Terminologico.pdf\" target=\"_blank\" rel=\"noopener\"><strong><span style=\"color: #669dff;\"><span style=\"font-family: 'Century Gothic', sans-serif;\">Banco\u00a0<\/span><span style=\"font-family: 'Century Gothic', sans-serif;\">Terminologico<\/span><\/span><\/strong><\/a><\/li>\n<li><a href=\"https:\/\/www.itrc.gov.co\/Itrc\/wp-content\/uploads\/2020\/06\/Resoluci\u00f3n-176-de-2020.pdf\" target=\"_blank\" rel=\"noopener\"><strong><span style=\"color: #669dff; font-family: Century Gothic, sans-serif;\">Resoluci\u00f3n No 176 del 25 de junio de 2020<\/span><\/strong><\/a><\/li>\n<li><a href=\"https:\/\/www.itrc.gov.co\/Itrc\/wp-content\/uploads\/2021\/05\/2-2021-3973-CERTIFICADO_CONVALIDACION_TRD-ITRC-1.pdf\" target=\"_blank\" rel=\"noopener\"><strong><span style=\"color: #669dff; font-family: Century Gothic, sans-serif;\">Certificado de Convalidaci\u00f3n expedido por el AGN<\/span><\/strong><\/a><\/li>\n<li><a href=\"https:\/\/www.itrc.gov.co\/Itrc\/wp-content\/uploads\/2021\/05\/CERTIFICADO_RUSD_TRD_ITRC.pdf\" target=\"_blank\" rel=\"noopener\"><strong><span style=\"color: #669dff;\"><span style=\"font-family: 'Century Gothic', sans-serif;\">Certificado de Inscripci\u00f3n en el Registro \u00danico de Series Documentales -RUSD<\/span><\/span><\/strong><\/a><\/li>\n<li><a href=\"https:\/\/www.itrc.gov.co\/Itrc\/wp-content\/uploads\/2024\/07\/TABLAS-DE-CONTROL-DE-ACCESO-4.xlsx\" target=\"_blank\" rel=\"noopener\"><strong><span style=\"color: #669dff;\"><span style=\"font-family: 'Century Gothic', sans-serif;\">Tablas de Control de Acceso<\/span><\/span><\/strong><\/a><\/li>\n<\/ul>\n<\/li>\n<li>\n<h3>Tablas de Retenci\u00f3n Documental Versi\u00f3n 2<\/h3>\n<ul>\n<li><a href=\"https:\/\/www.itrc.gov.co\/Itrc\/wp-content\/uploads\/2024\/06\/Tablas-de-Retencion-Documental-TRD-V2..pdf\" target=\"_blank\" rel=\"noopener\"><strong><span style=\"color: #669dff; font-family: Century Gothic, sans-serif;\">Tablas de Retenci\u00f3n Documental \u2013 TRD V2.<\/span><\/strong><\/a><\/li>\n<li><a href=\"https:\/\/www.itrc.gov.co\/Itrc\/wp-content\/uploads\/2024\/06\/Certificado-de-Convalidacion-expedido-por-el-AGN.pdf\" target=\"_blank\" rel=\"noopener\"><strong><span style=\"color: #669dff; font-family: Century Gothic, sans-serif;\">Certificado de Convalidaci\u00f3n expedido por el AGN<\/span><\/strong><\/a><\/li>\n<li><a href=\"https:\/\/www.itrc.gov.co\/Itrc\/wp-content\/uploads\/2024\/06\/Certificado-de-Inscripcion-en-el-Registro-Unico-de-Series-Documentales-RUSD.pdf\" target=\"_blank\" rel=\"noopener\"><strong><span style=\"color: #669dff;\"><span style=\"font-family: 'Century Gothic', sans-serif;\">Certificado de Inscripci\u00f3n en el Registro \u00danico de Series Documentales - RUSD<\/span><\/span><\/strong><\/a><\/li>\n<li><a href=\"https:\/\/www.itrc.gov.co\/Itrc\/wp-content\/uploads\/2024\/06\/Resolucion-244-de-2024-Por-la-cual-se-adopta-la-actualizacion-de-las-tablas-de-retencion-Documental-TRD-version-2-de-la-ITRC.pdf\" target=\"_blank\" rel=\"noopener\"><strong><span style=\"color: #669dff; font-family: Century Gothic, sans-serif;\">Resoluci\u00f3n 244 de 2024 \u201cPor la cual se adopta la actualizaci\u00f3n de las tablas de retenci\u00f3n Documental - TRD versi\u00f3n 2 de la ITRC\u201d<\/span><\/strong><\/a><\/li>\n<li><a href=\"https:\/\/www.itrc.gov.co\/Itrc\/wp-content\/uploads\/2024\/06\/Cuadro-de-Clasificacion-Documental.pdf\" target=\"_blank\" rel=\"noopener\"><strong><span style=\"color: #669dff; font-family: Century Gothic, sans-serif;\">Cuadro de Clasificaci\u00f3n Documental<\/span><\/strong><\/a><\/li>\n<li><a href=\"https:\/\/www.itrc.gov.co\/Itrc\/wp-content\/uploads\/2024\/06\/Banco-Terminologico-de-Series-y-Subseries-Documentales.pdf\" target=\"_blank\" rel=\"noopener\"><strong><span style=\"color: #669dff; font-family: Century Gothic, sans-serif;\">Banco Terminol\u00f3gico de Series y subseries Documentales<\/span><\/strong><\/a><\/li>\n<\/ul>\n<\/li>\n<\/ul>\n<hr>\n","protected":false},"excerpt":{"rendered":"<p>Tablas de Retenci\u00f3n Documental Versi\u00f3n 1 Tablas de Retencion Documental (pdf) Cuadro de Clasificaci\u00f3n Documental Banco\u00a0Terminologico Resoluci\u00f3n No 176 del 25 de junio de 2020 Certificado de Convalidaci\u00f3n expedido por el AGN Certificado de Inscripci\u00f3n en el Registro \u00danico de Series Documentales -RUSD Tablas de Control de Acceso Tablas de Retenci\u00f3n Documental Versi\u00f3n 2 Tablas de Retenci\u00f3n Documental \u2013 TRD&nbsp;<a href=\"https:\/\/www.itrc.gov.co\/Itrc\/tablas-de-retencion-documental\/\" class=\"read-more\">Seguir leyendo<\/a><\/p>\n","protected":false},"author":1,"featured_media":0,"parent":0,"menu_order":0,"comment_status":"closed","ping_status":"closed","template":"page-fullwidth.php","meta":{"footnotes":""},"class_list":["post-5672","page","type-page","status-publish","hentry"],"_links":{"self":[{"href":"https:\/\/www.itrc.gov.co\/Itrc\/wp-json\/wp\/v2\/pages\/5672","targetHints":{"allow":["GET"]}}],"collection":[{"href":"https:\/\/www.itrc.gov.co\/Itrc\/wp-json\/wp\/v2\/pages"}],"about":[{"href":"https:\/\/www.itrc.gov.co\/Itrc\/wp-json\/wp\/v2\/types\/page"}],"author":[{"embeddable":true,"href":"https:\/\/www.itrc.gov.co\/Itrc\/wp-json\/wp\/v2\/users\/1"}],"replies":[{"embeddable":true,"href":"https:\/\/www.itrc.gov.co\/Itrc\/wp-json\/wp\/v2\/comments?post=5672"}],"version-history":[{"count":19,"href":"https:\/\/www.itrc.gov.co\/Itrc\/wp-json\/wp\/v2\/pages\/5672\/revisions"}],"predecessor-version":[{"id":12936,"href":"https:\/\/www.itrc.gov.co\/Itrc\/wp-json\/wp\/v2\/pages\/5672\/revisions\/12936"}],"wp:attachment":[{"href":"https:\/\/www.itrc.gov.co\/Itrc\/wp-json\/wp\/v2\/media?parent=5672"}],"curies":[{"name":"wp","href":"https:\/\/api.w.org\/{rel}","templated":true}]}}