{"id":6594,"date":"2020-10-14T12:14:21","date_gmt":"2020-10-14T17:14:21","guid":{"rendered":"https:\/\/www.itrc.gov.co\/Itrc\/?page_id=6594"},"modified":"2024-03-13T11:57:35","modified_gmt":"2024-03-13T16:57:35","slug":"formato-alternativo-para-grupos-etnicos-y-culturales","status":"publish","type":"page","link":"https:\/\/www.itrc.gov.co\/Itrc\/formato-alternativo-para-grupos-etnicos-y-culturales\/","title":{"rendered":"Formato alternativo para grupos \u00e9tnicos y culturales"},"content":{"rendered":"<ul>\n<li><a href=\"https:\/\/www.itrc.gov.co\/Itrc\/wp-content\/uploads\/2024\/03\/GTH-PT-001_Atencion_al_Ciudadano.pdf\" target=\"_blank\" rel=\"noopener\">Consulte la informaci\u00f3n de Grupos \u00c9tnicos y Culturales (P\u00e1gina 15)<\/a><\/li>\n<\/ul>\n","protected":false},"excerpt":{"rendered":"<p>Consulte la informaci\u00f3n de Grupos \u00c9tnicos y Culturales (P\u00e1gina 15)<\/p>\n","protected":false},"author":1,"featured_media":0,"parent":0,"menu_order":0,"comment_status":"closed","ping_status":"closed","template":"page-fullwidth.php","meta":{"footnotes":""},"class_list":["post-6594","page","type-page","status-publish","hentry"],"_links":{"self":[{"href":"https:\/\/www.itrc.gov.co\/Itrc\/wp-json\/wp\/v2\/pages\/6594","targetHints":{"allow":["GET"]}}],"collection":[{"href":"https:\/\/www.itrc.gov.co\/Itrc\/wp-json\/wp\/v2\/pages"}],"about":[{"href":"https:\/\/www.itrc.gov.co\/Itrc\/wp-json\/wp\/v2\/types\/page"}],"author":[{"embeddable":true,"href":"https:\/\/www.itrc.gov.co\/Itrc\/wp-json\/wp\/v2\/users\/1"}],"replies":[{"embeddable":true,"href":"https:\/\/www.itrc.gov.co\/Itrc\/wp-json\/wp\/v2\/comments?post=6594"}],"version-history":[{"count":5,"href":"https:\/\/www.itrc.gov.co\/Itrc\/wp-json\/wp\/v2\/pages\/6594\/revisions"}],"predecessor-version":[{"id":12469,"href":"https:\/\/www.itrc.gov.co\/Itrc\/wp-json\/wp\/v2\/pages\/6594\/revisions\/12469"}],"wp:attachment":[{"href":"https:\/\/www.itrc.gov.co\/Itrc\/wp-json\/wp\/v2\/media?parent=6594"}],"curies":[{"name":"wp","href":"https:\/\/api.w.org\/{rel}","templated":true}]}}