{"id":9038,"date":"2022-06-13T11:36:24","date_gmt":"2022-06-13T16:36:24","guid":{"rendered":"https:\/\/www.itrc.gov.co\/Itrc\/?page_id=9038"},"modified":"2024-12-19T18:49:17","modified_gmt":"2024-12-19T23:49:17","slug":"politicas-lineamientos-y-manuales","status":"publish","type":"page","link":"https:\/\/www.itrc.gov.co\/Itrc\/politicas-lineamientos-y-manuales\/","title":{"rendered":"Pol\u00edticas, lineamientos y manuales."},"content":{"rendered":"<ul>\n<li style=\"list-style-type: none;\">\n<ul>\n<li>\n<h4 style=\"text-align: left;\"><a href=\"https:\/\/www.itrc.gov.co\/Itrc\/direccionamiento-estrategico\/politicas\/\">Pol\u00edticas y Lineamientos <\/a><\/h4>\n<\/li>\n<li>\n<h4 style=\"text-align: left;\"><a href=\"https:\/\/www.itrc.gov.co\/Itrc\/manuales-internos\/\">Manuales <\/a><\/h4>\n<\/li>\n<li>\n<h4 style=\"text-align: left;\"><a href=\"https:\/\/www.itrc.gov.co\/Itrc\/politicas-y-lineamientos-sectoriales\/\">Polit\u00edcas y Lineamientos Sectoriales<\/a><\/h4>\n<\/li>\n<li>\n<h4 style=\"text-align: left;\">Polit\u00edca de Derechos de Autor:<\/h4>\n<p>La Agencia ITRC no cuenta con una pol\u00edtica propia para derechos de autor, aplica las existentes a nivel nacional:<br \/>Ley 23 de 1982<br \/>Ley 1450 de 2011<br \/>Decisi\u00f3n Andina 351 de 1993<\/p>\n<\/li>\n<\/ul>\n<\/li>\n<\/ul>\n<p><style>a{color:#669dff;}.breadcrumb {display:none;}<\/style><\/p>\n","protected":false},"excerpt":{"rendered":"<p>Pol\u00edticas y Lineamientos Manuales Polit\u00edcas y Lineamientos Sectoriales Polit\u00edca de Derechos de Autor: La Agencia ITRC no cuenta con una pol\u00edtica propia para derechos de autor, aplica las existentes a nivel nacional:Ley 23 de 1982Ley 1450 de 2011Decisi\u00f3n Andina 351 de 1993<\/p>\n","protected":false},"author":1,"featured_media":0,"parent":0,"menu_order":0,"comment_status":"closed","ping_status":"closed","template":"page-fullwidth.php","meta":{"footnotes":""},"class_list":["post-9038","page","type-page","status-publish","hentry"],"_links":{"self":[{"href":"https:\/\/www.itrc.gov.co\/Itrc\/wp-json\/wp\/v2\/pages\/9038","targetHints":{"allow":["GET"]}}],"collection":[{"href":"https:\/\/www.itrc.gov.co\/Itrc\/wp-json\/wp\/v2\/pages"}],"about":[{"href":"https:\/\/www.itrc.gov.co\/Itrc\/wp-json\/wp\/v2\/types\/page"}],"author":[{"embeddable":true,"href":"https:\/\/www.itrc.gov.co\/Itrc\/wp-json\/wp\/v2\/users\/1"}],"replies":[{"embeddable":true,"href":"https:\/\/www.itrc.gov.co\/Itrc\/wp-json\/wp\/v2\/comments?post=9038"}],"version-history":[{"count":7,"href":"https:\/\/www.itrc.gov.co\/Itrc\/wp-json\/wp\/v2\/pages\/9038\/revisions"}],"predecessor-version":[{"id":13642,"href":"https:\/\/www.itrc.gov.co\/Itrc\/wp-json\/wp\/v2\/pages\/9038\/revisions\/13642"}],"wp:attachment":[{"href":"https:\/\/www.itrc.gov.co\/Itrc\/wp-json\/wp\/v2\/media?parent=9038"}],"curies":[{"name":"wp","href":"https:\/\/api.w.org\/{rel}","templated":true}]}}